
37
Let m(w) = -w**2 - 17*w - 79. Let v be m(-12). Let s(l) = l**2 + 20*l + 50. Let r be s(v). Calculate the highest common divisor of 403 and r.
31
Let l = -65 + 60. Let c(v) = 10*v**2 + 41*v - 5. Let r be c(l). Calculate the greatest common factor of 2 and r.
2
Let i be (-9)/24 - 950910/(-2000) - 4/50. Calculate the greatest common divisor of 3230 and i.
95
Let d(c) = -92*c**2 + 6*c + 11. Let x(v) = -v**2 - 1. Let t(i) = -d(i) - 4*x(i). Let y be t(-1). What is the highest common factor of 10 and y?
5
Suppose 0 = 8*p + p - 10233. Let h = p + -792. What is the greatest common divisor of h and 15?
15
Let s = -381 - -540. Let h = 172 - s. Suppose 0 = -3*z + 4*z - 1. What is the highest common factor of z and h?
1
Suppose -2*w = 2*n - 14, -2*w - 5*n + 29 = 2*w. Calculate the greatest common divisor of w and 213.
3
Let a = -78821 - -118205. What is the highest common factor of 72 and a?
72
Let k be 9/(-81)*6 + (-132587)/(-21). What is the greatest common factor of 107 and k?
107
Let o(n) = n**3 - n**2 - 7*n - 29. Let s be o(7). Let q be s*-4*(-8)/64. What is the highest common factor of q and 189?
27
Suppose 7*k = -12 + 47. Suppose -k*x + 1370 = 5*a - 2045, 5*x - 3445 = a. What is the highest common divisor of x and 16?
16
Let o = -19 + 46. Let y = -12 + o. Let h(b) = 3*b**2 - 23*b + 9. Let i be h(9). What is the highest common factor of i and y?
15
Let h be 13 - (-14 - (6 + -3)). What is the greatest common divisor of h and 1470?
30
Suppose u = 2, 5*w - 182 = 4*u - 0*u. Suppose 5*j = -3*g + 6*j + 36 + 256, -6*j = 42. What is the highest common factor of g and w?
19
Let z(w) = 882*w + 2684. Let y be z(-3). What is the greatest common divisor of 323 and y?
19
Let z = -25 - -67. Suppose 0 = 3*y + 18 - 18. Suppose 0 = -4*t, -t + y*t = -c + 210. Calculate the highest common factor of c and z.
42
Let x = 40 - 3. Suppose x + 68 = 5*s. What is the greatest common divisor of 15 and s?
3
Let d = 112 + -107. Suppose 4*g + 3*m - 26 = 0, d*m = 7*g - 5*g. What is the greatest common factor of 15 and g?
5
Let w = -74 + 351. Let k = 394 - w. What is the greatest common divisor of k and 104?
13
Suppose 3*v - 426 = 2*f + 750, v - 392 = -4*f. Suppose -25*l + 216*l = 4*l + 4488. Calculate the highest common factor of l and v.
8
Let s = -5810 - -6083. Calculate the highest common factor of s and 168.
21
Let g be -9 + -1 + 6 - 1164/(-2). What is the highest common factor of g and 51?
17
Suppose -9*o + 9927 = 5*f - 4762, -2*f - 4*o = -5876. Calculate the highest common divisor of f and 40.
8
Let f(s) = 68*s + 130. Let w be f(1). Calculate the greatest common divisor of w and 891.
99
Suppose j - 5*x = 8 - 3, -4*x = 4. Let p = 36 + j. Suppose 97*g = 2263 - 517. What is the greatest common factor of g and p?
18
Let v = 13 + -8. Let l be 37/(8/8) - v. Calculate the greatest common factor of 368 and l.
16
Let r(g) = -g**3 + 14*g**2 - 35*g + 17. Let l be r(6). Suppose -105*p + l*p = -60. Calculate the highest common divisor of 15 and p.
3
Suppose 0 = 5*f + 2*u + 301 - 339, -26 = -5*f - 4*u. Calculate the highest common factor of 10 and f.
10
Suppose 691*n = 636*n + 1450680. Calculate the highest common divisor of 14 and n.
14
Let w be -12*2/(-126)*-18*-126. Let i = -422 + w. Let z(g) = 70*g**3 - g**2 + 2*g - 1. Let o be z(1). What is the greatest common factor of i and o?
10
Let y(x) = -56*x**2 + 1. Let k be y(3). Let d = -267 - k. Suppose -5*f = -3*j - 176 - 212, j + d = 3*f. What is the greatest common factor of 20 and f?
20
Suppose -3*b + 3*s = -4*b - 20, 5*b - 4*s + 43 = 0. Suppose 30*g + 27 = 33*g. Let r be -1 - -1 - (g + b). What is the greatest common divisor of 16 and r?
2
Let z(t) = 3*t**3 - 6*t**2 + 9*t. Let i be z(2). Suppose i*b = 199 + 17. Let m be (-1)/((-1)/(-4))*-1. What is the highest common factor of b and m?
4
Suppose -193 = -29*u + 129 - 32. Suppose -3*f + 210 = -0*f. Calculate the greatest common divisor of f and u.
10
Let u(y) = 270*y - 210. Let b be u(3). Let z be 372/15 + (-4)/5. What is the highest common factor of z and b?
24
Let c(r) = -r**3 - 24*r**2 - 12*r + 46. Let d be c(-23). Let l = 228 + d. What is the highest common factor of 14 and l?
7
Let l = -16524 + 16712. Calculate the greatest common divisor of 11562 and l.
94
Suppose 1681*w - 1675*w = 1890. Calculate the greatest common factor of w and 765.
45
Let q = 28687 - 28573. What is the highest common divisor of q and 29013?
57
Suppose 3*p = -39 + 195. Suppose 3*u - p = -u. Let y(z) = -z**3 - 8*z**2 + 3*z + 11. Let v be y(-9). Calculate the highest common factor of v and u.
13
Let o(r) = 16*r - 5. Suppose 13*u = 12*u - 3. Let t be o(u). Let v = 79 + t. Calculate the highest common factor of 65 and v.
13
Suppose -3*d + 373 = o + 80, 3*d - 4*o - 268 = 0. What is the highest common factor of d and 7020?
12
Let a be (-1)/(-4) - (-2295)/20. Let y = 3390 + -3367. What is the greatest common factor of y and a?
23
Suppose -577 = -2*z + 5*x, -z + 7*x - 2*x + 291 = 0. Let a = z + -162. Calculate the greatest common divisor of 4 and a.
4
Suppose 11*l = 762 - 3. Suppose 12*d - 5169 = -l. What is the highest common factor of 34 and d?
17
Suppose 4 = 5*m - 4*m. Suppose 2*g = 2*r + 4*g - 6, 4*g = m*r + 12. Let b be (-4 - r - -2)*-11. What is the highest common factor of b and 242?
22
Let z(c) = -7*c - 732. Let p be z(-106). What is the greatest common factor of 3070 and p?
10
Let n = -641 + 645. Let t(k) = 70*k**2 - 52*k. Let j be t(n). What is the greatest common divisor of j and 96?
48
Let t(b) = -b**2 + 40*b + 139. Let z be t(43). What is the highest common factor of 2360 and z?
10
Suppose 48*x + 92*x - 149800 = 0. What is the highest common factor of 1284 and x?
214
Suppose -108*l = 65*l - 89268. Calculate the highest common factor of l and 2709.
129
Let z be ((-2279)/(-53))/(381/(-384) + 1). What is the highest common factor of 86 and z?
86
Suppose -h - 2 = -f - 3, 0 = f - 2*h + 2. Suppose l - o = -l - 173, 4*l + 2*o + 358 = f. Let j = -79 - l. Calculate the greatest common factor of 6 and j.
3
Let i = 5037 + -4989. Let t = -6 - -12. Calculate the highest common factor of i and t.
6
Let i(u) = 4*u**2 + 13*u - 27. Let l be (-38)/(-6) - ((-308)/(-33) + -10). Let x be i(l). Calculate the greatest common divisor of 60 and x.
20
Let j be 1/3 - -422*9/27. Let l = -69 + j. What is the greatest common divisor of l and 9?
9
Suppose -78*r + 5 = -77*r, 5*u - r - 355 = 0. Let y = -11 - -38. Calculate the greatest common divisor of u and y.
9
Let j = -196 + 214. Suppose j*d = 23*d - 300. What is the highest common divisor of 12 and d?
12
Let n be 3 + 0 + -2 - 1. Let u(q) = -5*q + 19. Let x be u(n). Calculate the greatest common divisor of 323 and x.
19
Let f(y) = 8*y**3 - 2*y**2 - 2*y. Let n be f(3). Let u = 199 - n. Let a = -82 - -145. What is the highest common divisor of u and a?
7
Let w be -3 - (12/5)/((-21)/1540). Let n = 306 - w. Suppose 5*l - 27 - 109 = 2*r, -5*l + n = -r. Calculate the highest common divisor of 130 and l.
26
Let g = -21505 + 25186. Calculate the greatest common factor of g and 63.
9
Let k be 6 - -4*(-4 + -2). Let u(d) = -d**2 - 18*d + 12. Let h be u(k). What is the greatest common factor of 48 and h?
12
Let v be 117*((-3)/33 + (-141)/(-99)). What is the highest common factor of 9 and v?
3
Suppose -7 = -z + 2*l, -z - l = 2*z - 56. Suppose -18*w - 382 = -z*w. Let g = w - -643. Calculate the highest common divisor of 29 and g.
29
Suppose 2*z + 7*v - 204 = 0, z - 2*v = -0*z + 102. Suppose -1 = d, -i - d + 241 = i. Let h = i - z. Calculate the greatest common divisor of h and 76.
19
Let k(x) = 4*x**2 - 9*x - 16. Suppose 0 = -5*w + 212 + 193. Suppose -16 = 4*j, 5*l + 22 = j + w. Let b be k(l). What is the greatest common factor of b and 41?
41
Let v = -3560 - -3599. What is the greatest common divisor of 7514 and v?
13
Let q be 108/20*10/3. Suppose q*h = 7*h + 506. Calculate the highest common factor of 253 and h.
23
Let s be (1 - (-315)/(-7)) + 6. Let w = s - -57. Calculate the highest common divisor of 589 and w.
19
Suppose 0 = c - 2*c + 22. Suppose 0 = -2*s - 5*y + 499, 14*y = 51 - 9. What is the highest common divisor of c and s?
22
Let l be ((-21)/6)/((-2)/(-4)). Let j = l + 15. Suppose 2*y - 2*u = 40, -y + 7*u = -0*u - 44. What is the highest common factor of j and y?
8
Let x = 4 - -4